g, 7*g - n*g + 400 = 3*w. What is the units digit of w?
2
Let m(h) = h**3 - h**2 - h - 102. Let o = 21 - 21. Let j be m(o). What is the units digit of ((-13)/(-26))/((-1)/j)?
1
Suppose 1543 = 19*n - 1269. What is the hundreds digit of n?
1
Let q(k) = 30*k + 3. Let g be (-9)/((-441)/14) + (-10)/(-14). What is the tens digit of q(g)?
3
Let x(p) = 11*p**2 + p - 1. Let g be x(2). Let k = -30 + g. Suppose -12*r = -k*r + 207. What is the tens digit of r?
6
Let w = -5 + 11. Suppose -3*q = w - 21. Suppose 11 = -q*l + 106. What is the units digit of l?
9
Suppose -3*r = -2*f + 1065, 25 = -4*r + 21. What is the hundreds digit of f?
5
Let z be (-86 - 14) + (3 - 0). Let b = z + 205. What is the hundreds digit of b?
1
Let a = 3705 - 2600. What is the units digit of a?
5
Suppose -33*c = -34*c + 1281. What is the tens digit of c?
8
Let k = -40 - -64. Let c = k + -24. Suppose c*l - 2*l = -2. What is the units digit of l?
1
Let r(p) be the second derivative of p**5/20 + p**4/6 + 5*p**3/6 - 8*p**2 + 46*p. What is the tens digit of r(4)?
0
Let c = -9 + -5. Let n = 14 + c. Suppose 4*d + 38 - 154 = n. What is the units digit of d?
9
Let r = 3915 + -2651. What is the units digit of r?
4
Suppose 6 = 3*z + 2*w, 0 = 3*z - 5*w + 3*w + 6. Suppose r + 8*m - 138 = 3*m, 3*r + 5*m - 364 = z. What is the hundreds digit of r?
1
Let g = 1164 + -736. What is the units digit of g?
8
Suppose 6736 = 3*b + 5*i, 5*b = -i + 17565 - 6375. What is the hundreds digit of b?
2
Suppose 0 = 2*c - 6 - 0. What is the units digit of (c - 0) + -4 - -50?
9
Let f(j) = -j**2 - 4*j - 9. Let g be -10 + (-6 - -3)/(-1). Let m be f(g). Let h = m - -51. What is the units digit of h?
1
Let d(v) = 64*v + 64. What is the hundreds digit of d(5)?
3
Let k(g) be the second derivative of 41*g**4/3 + g**3/2 + 2*g**2 - 3*g. What is the units digit of k(-1)?
5
Let o be 7 + 0 + -3 - -2. Let n(f) = f**2 + 6*f + 5. Let w be n(o). Let t = -52 + w. What is the units digit of t?
5
Let x(p) = -40*p + 113. What is the hundreds digit of x(-7)?
3
Suppose -4*i = -d - 37, 0 = 5*i - 2*d - 19 - 31. Let x = -591 + 595. Suppose -5*c + 5 = -5*m, x*c + 2 = 2*m + i. What is the units digit of c?
2
Let a = 16 + 13. Suppose 0 = -3*j + 91 + a. Suppose k - j = -k. What is the tens digit of k?
2
Suppose -10 = -10*d + 30. Suppose 0 = -3*v - 5*n + 51, 2*n = d*v + 7*n - 68. What is the units digit of v?
7
Let t(d) = 7*d**2 + 2*d - 1. Let b be t(2). Let j = b + 88. What is the tens digit of j?
1
Let k = 133 + -109. What is the tens digit of k?
2
Suppose 0 = -2*x + 4*v + 3088, 2*x - 52*v = -53*v + 3103. What is the tens digit of x?
5
Suppose -5*r = -0*d + d - 26, -50 = -3*d - r. Let x = 17 - d. What is the units digit of x?
1
Let w(a) = 35*a. Let g be w(1). Suppose 17 = q - g. What is the units digit of q?
2
Suppose 2*r + 38 = 5*m, 3*m - 8*m + 26 = r. Let x(v) = 5*v - v**2 - 86 + 45 + 51. What is the units digit of x(m)?
4
Let c(a) = -a**2 + 2*a - 5. Let g be c(4). Let u be 3 - (0 - (1 + g)). Let q = -8 - u. What is the units digit of q?
1
Let n be (3/(-2))/((-1)/(-8)). Let t = -10 - n. What is the units digit of 27 - t/(6/9)?
4
Let d(k) = 5*k**2 - 9*k + 9. What is the tens digit of d(-7)?
1
Suppose 4*i + 0*i = -g + 348, 1815 = 5*g - 5*i. Suppose -5*d + 296 + 580 = 2*l, 2*d - 4*l = g. What is the tens digit of d?
7
Suppose 5*l = 0, -4*b + 5*l + 8900 = b. What is the units digit of b?
0
Let i be 10 + (-4)/4 + 3. Let w be (-40)/i*(-12)/8. Suppose w + 19 = 4*p. What is the units digit of p?
6
Let i = 368 - 79. Suppose -2*n + i - 117 = 0. What is the tens digit of n?
8
Let z(g) = g**2 + 10. Let l be (-3)/(-2)*(-50)/(-15). Suppose 0 = -l*v + 4*k - k + 15, -10 = 2*k. What is the units digit of z(v)?
0
Suppose -5*g = 15, -g + 1031 - 5212 = -2*y. What is the tens digit of y?
8
Let r = -40 - -38. Let b be (5 + -3)/(r/49). What is the tens digit of (-14)/b + 145/7?
2
Let w = 962 - 411. What is the hundreds digit of w?
5
Suppose 3*l - 13 - 2 = 0. Let o(s) = -4*s**3 + 3*s**2 - 5*s + 7. Let c(r) = r**3 + r**2 + r. Let d(i) = 3*c(i) + o(i). What is the tens digit of d(l)?
2
Let q(k) = 5*k - 33. Let z be q(18). Suppose -z + 7 = -f. What is the tens digit of f?
5
Let n(v) = 17*v - 87. What is the hundreds digit of n(59)?
9
Suppose 0 = n - 3*c + 2, -2*c = -4*n + 8*n - 34. Suppose -n*b - b + 1760 = 0. What is the tens digit of b?
2
Suppose 0 = i - 3*n, 5 = -2*i + 3*i + 2*n. Let a be (-3)/(0 + i)*-1. Suppose a = p - 9. What is the units digit of p?
0
Suppose -4*q + 805 + 39 = 4*g, -213 = -q + g. What is the units digit of q?
2
Suppose 2*f + r = 6, -4*f - f + 4*r = -15. Suppose -2*m = -f*m + 212. What is the hundreds digit of m?
2
Suppose l + 5 = 0, -5*l + 0*l - 20885 = -5*r. What is the units digit of r?
2
Suppose -1358*p + 1356*p + 2628 = 0. What is the thousands digit of p?
1
Let t(b) be the first derivative of -b**4/4 + 8*b**3/3 + 7*b**2/2 + 10*b + 1. Let c be t(9). What is the units digit of (-130)/c + (-9)/36?
6
Suppose -1 = -6*p - 145. Let u be p/(-3)*4/4. Let s(d) = d**3 - 9*d**2 + 10*d - 2. What is the units digit of s(u)?
4
Suppose -i + 2*s = -18, 0*s = 4*i - 2*s - 60. What is the tens digit of 2*(1 + 0)*595/i?
8
Let v(u) = -3*u - 6. Let i be v(4). Let q = 19 + i. What is the units digit of ((-85)/10)/(q/(-2))?
7
Let p(j) = -j**2 - 3*j. Let q be p(4). Let b = -26 - q. What is the units digit of b?
2
Suppose 5*j + 4 = 4*q + 23, 0 = 3*q - 3*j + 15. What is the units digit of 20/(5/((-135)/q))?
0
Suppose -33*q + 1166 = -31*q. What is the hundreds digit of q?
5
Let t be (64/(-12))/(2/(-6)). What is the tens digit of (-3 - 1/1)*(-856)/t?
1
Let k = 3910 - 2188. What is the units digit of k?
2
Suppose 4*t - 176 = -4*j, 0 = -j - 4*t + 14 + 21. Let h = j - 25. What is the units digit of h?
2
Suppose -12*o + 15782 = -23170. What is the tens digit of o?
4
Let k(d) be the first derivative of -d**3/3 + 10*d**2 + 23*d - 14. What is the units digit of k(17)?
4
Let k(d) = -d**2 + 17*d + 11. Let w be (-5)/(15/6) - -12. What is the units digit of k(w)?
1
Let y(o) = 15*o**2 + 13*o - 7. What is the tens digit of y(-5)?
0
Let m(f) = -3*f**2 - 8. Let k be m(5). Let i = k - -147. What is the tens digit of i?
6
Suppose 5*d + 210 = 5*z + 7*d, 175 = 4*z + 3*d. Suppose 3*p + 22 - z = 0. What is the units digit of p?
6
Let g = 1115 + -794. Let v = 584 - g. What is the hundreds digit of v?
2
Suppose 0 = 2*l + 6*l - 192. Suppose 0 = -25*m + 27*m - l. What is the units digit of m?
2
Let n be 2 - -2 - (3 + 0). Suppose o + 9 = n. Let u = 43 - o. What is the units digit of u?
1
Let j(x) = -x**3 + 5*x**2 + 6*x + 4. Let c be j(6). Suppose -2*b + y + 20 = 2*y, 0 = -c*b + 4*y + 64. Let r = b - -4. What is the units digit of r?
6
Let v(l) be the second derivative of 19*l**4/12 + l**3/6 + l**2/2 - 16*l. What is the hundreds digit of v(3)?
1
Let t(c) be the third derivative of -c**4 + 5*c**2. Let o be t(-2). Suppose -3*m = -4*m + o. What is the units digit of m?
8
Let r = 11 - 59. Let m = 3 - r. What is the units digit of m?
1
Let a = 627 + 1814. What is the hundreds digit of a?
4
Suppose -w - 57 = -h - 166, 248 = 2*w + 4*h. What is the units digit of w/(-76)*186/(-1)?
9
Let f(c) = c + 5*c**2 - 3*c + 0*c + 3*c. Let h be f(1). Suppose -5*n + h*a - 4*a = -309, -69 = -n + 4*a. What is the tens digit of n?
6
Let g(p) = 4*p**2 - 52*p - 57. What is the units digit of g(-14)?
5
Let y = -94 - -88. Let x(v) = -v**3 - 3*v**2 - 14*v + 1. What is the units digit of x(y)?
3
Let x = -20 + 24. Suppose h - 266 = -3*v, 262 = 3*v - 2*h + x*h. What is the units digit of v?
0
Let d = 1092 + -748. What is the units digit of d?
4
Suppose 6 - 2 = -4*q. Let c(s) = -67*s - 4. What is the units digit of c(q)?
3
Suppose -8*r + 4*r + 1736 = 0. Suppose 18 - 7 = 11*i. What is the tens digit of r/56*(3 + i)?
3
Let j(r) = 251*r + 277. What is the thousands digit of j(8)?
2
Suppose 4*s = -s + 90. Let v = s - 7. Suppose -v*q + 16*q = 125. What is the tens digit of q?
2
Let r(u) = -2*u - 3. Let q(n) = n**3 + 13*n**2 + 11*n - 15. Let b be q(-12). Let g be r(b). Suppose 0 = -2*s - g*s + 110. What is the units digit of s?
2
Suppose 0 = -2*x, -x + 154 = 5*u + 584. Let m = u - -171. What is the units digit of m?
5
Suppose 4*r - 7996 = -5*l, -21*r + 25*r - 2*l = 7968. What is the hundreds digit of r?
9
Let w = -19 - -14. Let b b